{"id":175,"date":"2018-04-26T22:18:53","date_gmt":"2018-04-26T20:18:53","guid":{"rendered":"http:\/\/autoecolesabine.com\/?page_id=175"},"modified":"2024-06-21T16:37:38","modified_gmt":"2024-06-21T14:37:38","slug":"deroulement-de-lexamen","status":"publish","type":"page","link":"https:\/\/autoecolesabine.com\/index.php\/deroulement-de-lexamen\/","title":{"rendered":"D\u00e9roulement de l&rsquo;examen"},"content":{"rendered":"<p style=\"text-align: center;\">Retrouvez sur les liens suivants le d\u00e9roulement de l&rsquo;examen du permis de conduire :<\/p>\n<p style=\"text-align: center;\"><strong><a href=\"http:\/\/autoecolesabine.com\/wp-content\/uploads\/2018\/04\/deroulement-formation-et-evaluation.pdf\">D\u00e9roulement de la formation&gt;&gt;&gt;CLIQUEZ ICI&lt;&lt;&lt;<\/a><\/strong><\/p>\n<p style=\"text-align: center;\"><strong><a href=\"http:\/\/autoecolesabine.com\/wp-content\/uploads\/2018\/04\/deroulement-examen-permis-1.pdf\">D\u00e9roulement de l&rsquo;examen du permis&gt;&gt;&gt;CLIQUEZ ICI&lt;&lt;&lt;<\/a><\/strong><\/p>\n\n\n<p class=\"has-text-align-center\">D\u00e9roulement de l&rsquo;\u00e9valuation :<\/p>\n\n\n\n<p>L&rsquo;\u00e9valuation de d\u00e9part permet au candidat avant l&rsquo;entr\u00e9e en formation de connaitre le nombre pr\u00e9visionnel de ses heures de conduite.<\/p>\n\n\n\n<p>La dur\u00e9e est de 45 minutes. Elle peut se faire de 2 fa\u00e7ons :<br>&#8211; Sur une borne \u00ab\u00a0Easy evaluation Rousseau\u00a0\u00bb \u00e0 l&rsquo;auto-\u00e9cole<br>&#8211; Directement au volant de la voiture en pr\u00e9sence d&rsquo;un moniteur.<br><\/p>\n<div id=\"themify_builder_content-175\" data-postid=\"175\" class=\"themify_builder_content themify_builder_content-175 themify_builder\">\n\n    <\/div>\n<!-- \/themify_builder_content -->","protected":false},"excerpt":{"rendered":"<p>Retrouvez sur les liens suivants le d\u00e9roulement de l&rsquo;examen du permis de conduire : D\u00e9roulement de la formation&gt;&gt;&gt;CLIQUEZ ICI&lt;&lt;&lt; D\u00e9roulement de l&rsquo;examen du permis&gt;&gt;&gt;CLIQUEZ ICI&lt;&lt;&lt; D\u00e9roulement de l&rsquo;\u00e9valuation : L&rsquo;\u00e9valuation de d\u00e9part permet au candidat avant l&rsquo;entr\u00e9e en formation de connaitre le nombre pr\u00e9visionnel de ses heures de conduite. La dur\u00e9e est de 45 minutes. [&hellip;]<\/p>\n","protected":false},"author":1,"featured_media":0,"parent":0,"menu_order":0,"comment_status":"open","ping_status":"closed","template":"","meta":[],"_links":{"self":[{"href":"https:\/\/autoecolesabine.com\/index.php\/wp-json\/wp\/v2\/pages\/175"}],"collection":[{"href":"https:\/\/autoecolesabine.com\/index.php\/wp-json\/wp\/v2\/pages"}],"about":[{"href":"https:\/\/autoecolesabine.com\/index.php\/wp-json\/wp\/v2\/types\/page"}],"author":[{"embeddable":true,"href":"https:\/\/autoecolesabine.com\/index.php\/wp-json\/wp\/v2\/users\/1"}],"replies":[{"embeddable":true,"href":"https:\/\/autoecolesabine.com\/index.php\/wp-json\/wp\/v2\/comments?post=175"}],"version-history":[{"count":11,"href":"https:\/\/autoecolesabine.com\/index.php\/wp-json\/wp\/v2\/pages\/175\/revisions"}],"predecessor-version":[{"id":396,"href":"https:\/\/autoecolesabine.com\/index.php\/wp-json\/wp\/v2\/pages\/175\/revisions\/396"}],"wp:attachment":[{"href":"https:\/\/autoecolesabine.com\/index.php\/wp-json\/wp\/v2\/media?parent=175"}],"curies":[{"name":"wp","href":"https:\/\/api.w.org\/{rel}","templated":true}]}}