{"id":120,"date":"2018-04-07T19:36:31","date_gmt":"2018-04-07T17:36:31","guid":{"rendered":"http:\/\/autoecolesabine.com\/?page_id=120"},"modified":"2025-01-27T21:00:35","modified_gmt":"2025-01-27T20:00:35","slug":"horaires-code-et-themes","status":"publish","type":"page","link":"https:\/\/autoecolesabine.com\/index.php\/horaires-code-et-themes\/","title":{"rendered":"Horaires code et th\u00e8mes"},"content":{"rendered":"<h4 style=\"text-align: center;\"><strong>Cours th\u00e8mes\/g\u00e9n\u00e9ral<\/strong><\/h4>\n<p style=\"text-align: center;\"><strong>Lundi<\/strong><\/p>\n<p style=\"text-align: center;\"><strong>14h &#8211; 16h (Th\u00e8me : Environnement\/S\u00e9curit\u00e9 passager<\/strong><strong>)*<br \/>\n<\/strong><strong>16h &#8211; 19h30 (Code g\u00e9n\u00e9ral)<\/strong><\/p>\n<p style=\"text-align: center;\"><strong>Mardi<br \/>\n<\/strong><\/p>\n<p style=\"text-align: center;\"><strong>14h &#8211; 16h (Th\u00e8me : Circulation routi\u00e8re\/Conducteur\/Routes)*<br \/>\n<\/strong><strong>16h &#8211; 19h30 (Code g\u00e9n\u00e9ral)<\/strong><\/p>\n<p style=\"text-align: center;\"><strong>Mercredi <\/strong><\/p>\n<p style=\"text-align: center;\"><strong>10h &#8211; 12h (Code g\u00e9n\u00e9ral)<br \/>\n<\/strong><strong>14h &#8211; 15h (Th\u00e8me : Signalisation\/Stationnement)*<br \/>\n<\/strong><strong>15h &#8211; 19h30 (Code g\u00e9n\u00e9ral)<\/strong><\/p>\n<p style=\"text-align: center;\"><strong>Jeudi<br \/>\n<\/strong><\/p>\n<p style=\"text-align: center;\"><strong>14h &#8211; 16h (Th\u00e8me : D\u00e9faut de port de ceinture\/Premiers secours\/Remplir un constat)*<br \/>\n<\/strong><strong>16h &#8211; 19h30 (Code g\u00e9n\u00e9ral)<\/strong><\/p>\n<p style=\"text-align: center;\"><strong>Vendredi<\/strong><\/p>\n<p style=\"text-align: center;\"><strong>14h &#8211; 15h (Th\u00e8me : M\u00e9canique\/Vitesse\/Distracteur)*<br \/>\n<\/strong><strong>15h &#8211; 19h30 (Code g\u00e9n\u00e9ral)<\/strong><\/p>\n<p style=\"text-align: center;\"><strong>Samedi<br \/>\n<\/strong><\/p>\n<p style=\"text-align: center;\"><strong>10h &#8211; 12h (Code g\u00e9n\u00e9ral)<\/strong><\/p>\n<p style=\"text-align: center;\"><strong>*Sujets des th\u00e8mes pouvant \u00eatre modifi\u00e9s suivant la demande des \u00e9l\u00e8ves.<\/strong><\/p>\n<div id=\"themify_builder_content-120\" data-postid=\"120\" class=\"themify_builder_content themify_builder_content-120 themify_builder\">\n\n    <\/div>\n<!-- \/themify_builder_content -->","protected":false},"excerpt":{"rendered":"<p>Cours th\u00e8mes\/g\u00e9n\u00e9ral Lundi 14h &#8211; 16h (Th\u00e8me : Environnement\/S\u00e9curit\u00e9 passager)* 16h &#8211; 19h30 (Code g\u00e9n\u00e9ral) Mardi 14h &#8211; 16h (Th\u00e8me : Circulation routi\u00e8re\/Conducteur\/Routes)* 16h &#8211; 19h30 (Code g\u00e9n\u00e9ral) Mercredi 10h &#8211; 12h (Code g\u00e9n\u00e9ral) 14h &#8211; 15h (Th\u00e8me : Signalisation\/Stationnement)* 15h &#8211; 19h30 (Code g\u00e9n\u00e9ral) Jeudi 14h &#8211; 16h (Th\u00e8me : D\u00e9faut de port de [&hellip;]<\/p>\n","protected":false},"author":1,"featured_media":0,"parent":0,"menu_order":0,"comment_status":"open","ping_status":"closed","template":"","meta":[],"_links":{"self":[{"href":"https:\/\/autoecolesabine.com\/index.php\/wp-json\/wp\/v2\/pages\/120"}],"collection":[{"href":"https:\/\/autoecolesabine.com\/index.php\/wp-json\/wp\/v2\/pages"}],"about":[{"href":"https:\/\/autoecolesabine.com\/index.php\/wp-json\/wp\/v2\/types\/page"}],"author":[{"embeddable":true,"href":"https:\/\/autoecolesabine.com\/index.php\/wp-json\/wp\/v2\/users\/1"}],"replies":[{"embeddable":true,"href":"https:\/\/autoecolesabine.com\/index.php\/wp-json\/wp\/v2\/comments?post=120"}],"version-history":[{"count":12,"href":"https:\/\/autoecolesabine.com\/index.php\/wp-json\/wp\/v2\/pages\/120\/revisions"}],"predecessor-version":[{"id":441,"href":"https:\/\/autoecolesabine.com\/index.php\/wp-json\/wp\/v2\/pages\/120\/revisions\/441"}],"wp:attachment":[{"href":"https:\/\/autoecolesabine.com\/index.php\/wp-json\/wp\/v2\/media?parent=120"}],"curies":[{"name":"wp","href":"https:\/\/api.w.org\/{rel}","templated":true}]}}