{"id":11,"date":"2017-08-10T12:27:54","date_gmt":"2017-08-10T10:27:54","guid":{"rendered":"http:\/\/autoecolesabine.com\/?page_id=11"},"modified":"2024-09-03T15:33:29","modified_gmt":"2024-09-03T13:33:29","slug":"accueil","status":"publish","type":"page","link":"https:\/\/autoecolesabine.com\/","title":{"rendered":"Accueil"},"content":{"rendered":"<h2><\/h2>\n<p><center><img decoding=\"async\" loading=\"lazy\" class=\"alignnone wp-image-167 size-thumbnail\" src=\"http:\/\/autoecolesabine.com\/wp-content\/uploads\/2018\/04\/disque-A-ombre-150x150.png\" alt=\"\" width=\"150\" height=\"150\" srcset=\"https:\/\/autoecolesabine.com\/wp-content\/uploads\/2018\/04\/disque-A-ombre-150x150.png 150w, https:\/\/autoecolesabine.com\/wp-content\/uploads\/2018\/04\/disque-A-ombre-300x300.png 300w, https:\/\/autoecolesabine.com\/wp-content\/uploads\/2018\/04\/disque-A-ombre.png 500w\" sizes=\"(max-width: 150px) 100vw, 150px\" \/> <img decoding=\"async\" loading=\"lazy\" class=\"alignnone wp-image-168 size-thumbnail\" src=\"http:\/\/autoecolesabine.com\/wp-content\/uploads\/2018\/04\/1025px-Logo_AAC_Etablissement-150x150.png\" alt=\"\" width=\"150\" height=\"150\" srcset=\"https:\/\/autoecolesabine.com\/wp-content\/uploads\/2018\/04\/1025px-Logo_AAC_Etablissement-150x150.png 150w, https:\/\/autoecolesabine.com\/wp-content\/uploads\/2018\/04\/1025px-Logo_AAC_Etablissement-300x300.png 300w, https:\/\/autoecolesabine.com\/wp-content\/uploads\/2018\/04\/1025px-Logo_AAC_Etablissement-768x767.png 768w, https:\/\/autoecolesabine.com\/wp-content\/uploads\/2018\/04\/1025px-Logo_AAC_Etablissement-1024x1023.png 1024w, https:\/\/autoecolesabine.com\/wp-content\/uploads\/2018\/04\/1025px-Logo_AAC_Etablissement.png 1025w\" sizes=\"(max-width: 150px) 100vw, 150px\" \/><\/center><\/p>\n<h2 style=\"text-align: center;\">Horaires d&rsquo;ouverture du bureau<\/h2>\n<p style=\"text-align: center;\"><strong>Lundi : 14h &#8211; 19h30<\/strong><\/p>\n<p style=\"text-align: center;\"><strong>Mardi : 14h &#8211; 19h30<\/strong><\/p>\n<p style=\"text-align: center;\"><strong>Mercredi : 10h &#8211; 12h \/ 14h &#8211; 19h30<\/strong><\/p>\n<p style=\"text-align: center;\"><strong>Jeudi : 14h &#8211; 19h30<\/strong><\/p>\n<p style=\"text-align: center;\"><strong>Vendredi : 14h &#8211; 19h30<\/strong><\/p>\n<p style=\"text-align: center;\"><strong>Samedi : 10h &#8211; 12h<\/strong><\/p>\n<h4 style=\"text-align: center;\"><a href=\"https:\/\/www.pagesjaunes.fr\/pros\/55258005\">Avis Pages jaunes <\/a><\/h4>\n<h4 style=\"text-align: center;\"><a href=\"https:\/\/www.google.com\/search?hl=fr-FR&amp;gl=fr&amp;q=Auto+ecole+Sabine,+3+All%C3%A9e+de+la+Libert%C3%A9,+34570+Pignan&amp;ludocid=3133681248715862324\">Avis Google<\/a><\/h4>\n<p style=\"text-align: center;\"><strong><a href=\"http:\/\/autoecolesabine.com\/wp-content\/uploads\/2024\/06\/1.3-reglement_interieur-3.pdf\">&gt;&gt;&gt;T\u00e9l\u00e9charger notre r\u00e8glement int\u00e9rieur&lt;&lt;&lt;<\/a><\/strong><\/p>\n<p style=\"text-align: center;\"><strong> Un registre est aussi \u00e0 votre disposition \u00e0 l&rsquo;auto-\u00e9cole afin que vous puissiez d\u00e9poser un avis.<\/strong><\/p>\n<p><center><img decoding=\"async\" loading=\"lazy\" class=\"alignnone wp-image-298 \" src=\"http:\/\/autoecolesabine.com\/wp-content\/uploads\/2021\/10\/logo-label-300x286.png\" alt=\"\" width=\"156\" height=\"148\" srcset=\"https:\/\/autoecolesabine.com\/wp-content\/uploads\/2021\/10\/logo-label-300x286.png 300w, https:\/\/autoecolesabine.com\/wp-content\/uploads\/2021\/10\/logo-label.png 768w\" sizes=\"(max-width: 156px) 100vw, 156px\" \/>\u00a0 <img decoding=\"async\" loading=\"lazy\" class=\"wp-image-208 alignnone\" src=\"http:\/\/autoecolesabine.com\/wp-content\/uploads\/2018\/08\/TEgVKJvg_400x400-300x300.jpg\" alt=\"\" width=\"136\" height=\"136\" srcset=\"https:\/\/autoecolesabine.com\/wp-content\/uploads\/2018\/08\/TEgVKJvg_400x400-300x300.jpg 300w, https:\/\/autoecolesabine.com\/wp-content\/uploads\/2018\/08\/TEgVKJvg_400x400-150x150.jpg 150w, https:\/\/autoecolesabine.com\/wp-content\/uploads\/2018\/08\/TEgVKJvg_400x400.jpg 400w\" sizes=\"(max-width: 136px) 100vw, 136px\" \/><\/center><\/p>\n<p style=\"text-align: center;\">\n<div id=\"themify_builder_content-11\" data-postid=\"11\" class=\"themify_builder_content themify_builder_content-11 themify_builder\">\n\n    <\/div>\n<!-- \/themify_builder_content -->","protected":false},"excerpt":{"rendered":"<p>Horaires d&rsquo;ouverture du bureau Lundi : 14h &#8211; 19h30 Mardi : 14h &#8211; 19h30 Mercredi : 10h &#8211; 12h \/ 14h &#8211; 19h30 Jeudi : 14h &#8211; 19h30 Vendredi : 14h &#8211; 19h30 Samedi : 10h &#8211; 12h Avis Pages jaunes Avis Google &gt;&gt;&gt;T\u00e9l\u00e9charger notre r\u00e8glement int\u00e9rieur&lt;&lt;&lt; Un registre est aussi \u00e0 votre disposition \u00e0 [&hellip;]<\/p>\n","protected":false},"author":1,"featured_media":0,"parent":0,"menu_order":0,"comment_status":"open","ping_status":"closed","template":"","meta":[],"_links":{"self":[{"href":"https:\/\/autoecolesabine.com\/index.php\/wp-json\/wp\/v2\/pages\/11"}],"collection":[{"href":"https:\/\/autoecolesabine.com\/index.php\/wp-json\/wp\/v2\/pages"}],"about":[{"href":"https:\/\/autoecolesabine.com\/index.php\/wp-json\/wp\/v2\/types\/page"}],"author":[{"embeddable":true,"href":"https:\/\/autoecolesabine.com\/index.php\/wp-json\/wp\/v2\/users\/1"}],"replies":[{"embeddable":true,"href":"https:\/\/autoecolesabine.com\/index.php\/wp-json\/wp\/v2\/comments?post=11"}],"version-history":[{"count":37,"href":"https:\/\/autoecolesabine.com\/index.php\/wp-json\/wp\/v2\/pages\/11\/revisions"}],"predecessor-version":[{"id":434,"href":"https:\/\/autoecolesabine.com\/index.php\/wp-json\/wp\/v2\/pages\/11\/revisions\/434"}],"wp:attachment":[{"href":"https:\/\/autoecolesabine.com\/index.php\/wp-json\/wp\/v2\/media?parent=11"}],"curies":[{"name":"wp","href":"https:\/\/api.w.org\/{rel}","templated":true}]}}